3*3*-295?
1
Suppose 4*s = 5*g - 2077, 0*g - 3*s - 422 = -g. What is the hundreds digit of g + (-7)/35*-35?
4
Suppose 73942 = 4*y - 4*f - 30042, 4*f + 52006 = 2*y. What is the tens digit of y?
8
Let o(m) = 2*m**2 + 3*m - 6. Let k be o(0). Let a(z) = -35*z - 149. What is the units digit of a(k)?
1
Let q(y) = -y**3 - 3*y**2 + 3*y + 1. Let z be q(-3). Let i(n) = 12*n - 11*n - 47 - 12*n. What is the units digit of i(z)?
1
Let w be 23/((-23)/(-882)) + 5. Suppose 5267 = 5*q - 2*z, z + w + 164 = q. What is the thousands digit of q?
1
Let j(r) = 2*r**3 - 8*r**2 - 5*r. Suppose 3*k = -k - 2*i + 24, -4*i = 0. What is the units digit of j(k)?
4
Suppose -4959 - 4557 = -2*z. What is the units digit of z?
8
Let p(j) = j + 184. Suppose -h + 5*y + 8 = -2, 0 = -h + 3*y + 6. What is the hundreds digit of p(h)?
1
What is the hundreds digit of (2*-88)/(19 - (-67210)/(-3536))?
9
Suppose -20 = 4*u, -260*y + 259*y - u = -11961. What is the thousands digit of y?
1
Suppose -2*m = 5*f + 19 - 41, 5*f - 14 = -4*m. What is the units digit of (f - (-54)/(-12))*686/3?
3
Suppose -5*t = -4*z - 45365, t - 4970 = z + 4103. What is the hundreds digit of t?
0
Let w = -309 - -313. Suppose 0 = 2*f + 3*t - 1165, -w*f + 587 = -3*f - 3*t. What is the hundreds digit of f?
5
Let x(t) = -50 + t**2 + 12*t - 28*t + 28 - 9. Let u be x(18). Suppose 779 - 39 = u*r + 2*f, 4*r = 4*f + 592. What is the tens digit of r?
4
What is the tens digit of (3/(-2))/(-27*38/44311572)?
8
Suppose -5*v - 5*f + 4217 = -683, -5*f - 1939 = -2*v. What is the tens digit of v?
7
Let n = 7 - 4. Let c(p) = p**3 + 13*p**2 - 29*p + 13. Let i be c(-15). What is the tens digit of ((-284)/10)/(i*n/15)?
7
Let t = 15860 + 10970. What is the hundreds digit of t?
8
Let u(v) = 49*v**2 - 23*v - 136. Let j(f) = 17*f**2 - 8*f - 45. Let s(z) = -17*j(z) + 6*u(z). What is the units digit of s(-8)?
5
Let l = 385 + -385. What is the tens digit of (1 - -815 - (l - 5))*1?
2
Let p(t) = 30*t**2 - 2*t - 625. What is the units digit of p(27)?
1
What is the units digit of 10/6*(-3723390)/(-825)?
2
Suppose 55 = 2*s - 27. Let m = s - 20. Let a = m + -2. What is the units digit of a?
9
Let j be (-16)/(-10)*70/28. Suppose j*q + 6*d + 15 = 3*d, -2*q + 3*d = -15. Suppose 7*k - 427 - 14 = q. What is the units digit of k?
3
Suppose 2*x + 26 = 4*u, u - 11*x - 2 = -12*x. Suppose 0 = u*a - 202 - 853. What is the hundreds digit of a?
2
Let a be -9 + 7 - 2/(-2). Let k be 6/(a*(3 + -4)). What is the units digit of k/27 - 6032/(-72)?
4
Suppose 2*q + 3*a - 119 = 0, -q - a = 2*a - 67. Suppose 71*j + q = 72*j. What is the units digit of j?
2
Let t = 2542 + -883. Let l(h) = -27*h - 183. Let g be l(-7). Suppose -t = -g*k - k. What is the units digit of k?
7
Suppose -3*d + 17 = -j, 4*d - j = -0*d + 21. What is the units digit of d/40*6548 + 1/5?
5
Let m = 5415 + -3588. Suppose 0*w - m = -7*w. What is the units digit of w?
1
Let o(g) = -12*g**2 + 2*g - 1. Let s be o(2). Let b = 49 + s. What is the hundreds digit of (254 + (-9)/3)/(4/b)?
2
Let s(d) = -d**3 + 8*d**2 - 6*d - 5. Let q be s(7). Suppose -2*v = -4*v - q. What is the tens digit of 20/10*(6 + v)?
1
What is the units digit of 46238/7*(-161)/(-46)?
9
Let x be (-3)/6*0/3. Suppose 0 = 3*u - x*u. Suppose u = -z + 14 + 18. What is the units digit of z?
2
Suppose -47*u - 16 = -51*u. Suppose -5*k = -z + u*z - 294, -4*z - 8 = 0. What is the units digit of k?
0
Let l(y) = 1865*y - 1318. What is the units digit of l(16)?
2
Suppose 0 = j + 10 + 29. Let y = j - -44. Suppose -2*c + 4*z = -162, y*z = c - 87 + 6. What is the tens digit of c?
8
Let m be (-3)/1 - (-1078 + 3). Suppose -20*g + m = -12*g. What is the units digit of g?
4
Let j be 112/70*5/4*2. Suppose 4*h + 4*t = -16, -2*h - j*t = -3*h + 16. Suppose h*y - 358 = -2*y. What is the hundreds digit of y?
1
Let p(g) = -g**2 - 3*g + 884. Let k be 3/5 - 3/20*4. What is the tens digit of p(k)?
8
Suppose -o + n = 23, 32 = 3*o + 3*n + 89. What is the thousands digit of 52024/98*o/(-6)?
1
Let u(a) = -6*a**3 + a**2 + 14*a + 23. Let n be u(-5). Suppose -18*v - n = -22*v. Suppose 2*p - v = -22. What is the tens digit of p?
8
Let g(y) = -y**3 + 11*y**2 + 16*y - 5. Let i be g(7). Suppose -4*o + 1219 = 15*c - 10*c, 0 = o + 3*c - i. What is the hundreds digit of o?
3
Suppose -4*p - 36 = -13*p. Suppose -5*q = p*q - 306. What is the tens digit of (q/3)/(28/(-6) - -5)?
3
Suppose 1809*p - 1810*p = -10. What is the units digit of ((-10320)/(-21))/5 - p/35?
8
Suppose 4*b - 5*c = -7*c - 54, b = 5*c + 14. Let p(i) = 2*i**2 + 9*i + 38. What is the tens digit of p(b)?
8
Let q(z) be the third derivative of 3*z**4/4 - 58*z**3/3 - 31*z**2 + 2. What is the hundreds digit of q(40)?
6
Suppose -365909 = -86*k - 46*k + 565615. What is the units digit of k?
7
Suppose 0 = 29*t + 287*t + 151*t - 9454415. What is the thousands digit of t?
0
Suppose 27 = 3*n - 531. Let k = 644 - n. What is the tens digit of k?
5
Let a = 11272 - -1094. What is the thousands digit of a?
2
Suppose 4*y - 90 = 6*y - 5*k, -2*k = 4. Let m be 2262/(-65)*y/4. Let o = -308 + m. What is the units digit of o?
7
Suppose 9*f = 3*x - 8661, -f + 37 - 8722 = -3*x. What is the units digit of x?
6
Suppose -24*n = -340528 - 629528. What is the thousands digit of n?
0
Let p(y) = 121*y + 1. Let f(r) = 60*r. Let o(v) = -14*f(v) + 6*p(v). Let b be o(1). Let u = b + 213. What is the units digit of u?
5
Suppose 14*z - 13*z = -1420 + 14737. What is the units digit of z?
7
Suppose 9327 = 5*d + 2*q - 14567, -2*d = -3*q - 9550. What is the thousands digit of d?
4
Let k be (9 - (0 + 11))*(-1 - 0). What is the hundreds digit of 1494 + -12 + k + (5 - 0)?
4
Suppose 11*v = -23*v + 23018. Suppose 2651 = 4*l - f, l - 6*f + f = v. What is the tens digit of l?
6
Suppose 0*w - 4 = -4*w. Suppose -4*b = -m - w, 0*m - 4 = -m - b. Let q(o) = 3*o**2 - o. What is the units digit of q(m)?
4
Suppose 0 = -3*y - y - 16, 3*s = y - 17. Let r = 8 + s. What is the tens digit of (116/16)/(r/4)?
2
Suppose 4*j + 10 = 2*v, -3*v = 2*j - 5*j - 3. Let n be (j - 0) + 1/(-1) + 823. Suppose -3*m + 2*b + 519 - 32 = 0, 3*b = -5*m + n. What is the tens digit of m?
6
Let m(w) = -636*w - 151. What is the tens digit of m(-10)?
0
Let u be -1 + (-25)/(-5) - -2. Suppose a + 2*b = -u, -a + 3*a = b + 3. Suppose a = 3*w + 7*w - 380. What is the units digit of w?
8
Suppose c = -5*d + 2 + 22, c = -3*d + 16. Suppose -2*n + 3*m = -1662 + 422, 0 = -n + d*m + 610. What is the hundreds digit of n?
6
Suppose 3*v = 2*a - 40774, 0 = 225*v - 227*v - 12. What is the hundreds digit of a?
3
What is the hundreds digit of 0 + 12628 + -4*(78/(-24) + 4)?
6
Suppose -5*p - 13 = 5*y - 463, 0 = -5*p + 5*y + 450. Suppose p - 932 = -2*k. What is the units digit of k?
1
Let t(k) = 14*k**3 - 3*k**2 + 3*k + 3. Let h be t(2). Let r = h + -19. What is the units digit of r?
0
Let p = 1258 - 726. Let f = 985 - p. What is the hundreds digit of f?
4
What is the units digit of (24/32)/((-2)/(-19776))?
6
Suppose 6*t = -242 - 82. What is the tens digit of 6/27 + 6 + (-28608)/t?
3
Suppose -4*y - x - 51 = 0, 3*y = -5*x + 13 - 47. Let o(w) = 5*w**2 - 25*w - 40. What is the hundreds digit of o(y)?
1
Let m(a) = 15*a**3 + 4*a**2 - 6*a - 3. Let h = 101 + -97. What is the units digit of m(h)?
7
Suppose 42*n = p + 36*n - 9705, -3*n = -p + 9708. What is the thousands digit of p?
9
Let p(t) = 17*t + 2. Let n(x) = -x**2 + 52*x + 7. Let w(a) = -4*n(a) + 14*p(a). Let y be w(-8). What is the units digit of (y/(-4))/(6/(-33))?
2
Suppose -6351 + 449299 = 30*k - 185132. What is the ten thousands digit of k?
2
Let g(k) = 5*k**2 - 15*k - 32. Let s(w) be the first derivative of 3*w**3 - 29*w**2/2 - 65*w + 9. Let o(d) = -7*g(d) + 4*s(d). What is the units digit of o(16)?
4
Suppose 0 = 14*m - 2*m - 4968. Let t = m - 124. What is the hundreds digit of t?
2
Suppose y - 4*y + 714 = -2*n, 0 = -4*n + 4*y - 1436. Let k = 662 + n. What is the hundreds digit of k?
2
Let g(l) = -16*l**2 - 1. Let z be g(1). Let p be -119*(3 - (-92)/(-28)). Let d = z + p. What is the units digit of d?
7
Suppose -5802 = -g - w, -g + 5790 = 170*w - 175*w. What is the units digit of g?
0
Let j be 90/75*(-15)/(-2). Suppose -p - 3*i = -227, j*p - 7*p = -2*i + 458. What is the tens digit of p?
3
Let u(l) = 87*l**3 - l**2 + 2*l - 1. Let h = 73 + -73. Let b = 1 - h. What is the tens